{"id":417,"date":"2023-03-16T16:31:48","date_gmt":"2023-03-16T19:31:48","guid":{"rendered":"https:\/\/amamissoes.org.br\/site\/?page_id=417"},"modified":"2023-05-23T11:03:38","modified_gmt":"2023-05-23T14:03:38","slug":"a-ama","status":"publish","type":"page","link":"https:\/\/amamissoes.org.br\/site\/a-ama\/","title":{"rendered":"A AMA"},"content":{"rendered":"<section class=\"wpb-content-wrapper\"><p>[vc_row][vc_column width=&#8221;1\/2&#8243;][vc_column_text]A Ag\u00eancia Mission\u00e1ria Atos, AMA Miss\u00f5es, \u00e9 uma institui\u00e7\u00e3o independente e interdenominacional que foi criada com o prop\u00f3sito de promover de todas as formas dispon\u00edveis a propaga\u00e7\u00e3o do evangelho de nosso Senhor e salvador Jesus Cristo.<br \/>\nTrabalhamos para conscientizar igrejas, minist\u00e9rios, pastores, l\u00edderes e demais crist\u00e3os a compreenderem a urg\u00eancia da obra mission\u00e1ria. Al\u00e9m disso, estamos fortemente engajados em apoiar projetos mission\u00e1rios e sociais no Brasil e no exterior.<br \/>\nFundamentamos nosso projeto nas palavras de Jesus registradas no livro dos Atos, cap\u00edtulo 1 e verso 8 que diz: \u201cmas recebereis poder, ao descer sobre v\u00f3s o Esp\u00edrito Santo, e sereis minhas testemunhas tanto em Jerusal\u00e9m como em toda a Judeia e Samaria e at\u00e9 aos confins da terra\u201d.<br \/>\nEntendemos que anunciar o evangelho \u00e9 a miss\u00e3o da Igreja do Senhor e que esta deve ser realizada simultaneamente em nossa casa, bairro, cidade, Estado, na\u00e7\u00e3o tamb\u00e9m nos confins da Terra.<br \/>\nPara cumprir nosso prop\u00f3sito, estamos organizados de maneira a oferecer aos nossos parceiros condi\u00e7\u00f5es de cumprirem juntamente conosco esta ordem do nosso Deus.<br \/>\nAssuma sua responsabilidade nesta obra e venha conosco cumprir a grande comiss\u00e3o.<br \/>\nPortanto ide, fazei disc\u00edpulos de todas as na\u00e7\u00f5es, batizando-os em nome do Pai, e do Filho, e do Esp\u00edrito Santo; Ensinando-os a guardar todas as coisas que eu vos tenho mandado; e eis que eu estou convosco todos os dias, at\u00e9 a consuma\u00e7\u00e3o dos s\u00e9culos. Am\u00e9m.<br \/>\nMateus 28. 19-20<\/p>\n<p>Saulo Moreira, Pb<br \/>\nPresidente do Conselho Diretor[\/vc_column_text][vc_empty_space height=&#8221;70px&#8221;][\/vc_column][vc_column width=&#8221;1\/2&#8243;][vc_single_image image=&#8221;423&#8243; img_size=&#8221;full&#8221;][\/vc_column][\/vc_row][vc_row][vc_column][vc_images_carousel images=&#8221;502,503,504,505,506&#8243; img_size=&#8221;full&#8221; onclick=&#8221;link_no&#8221; autoplay=&#8221;yes&#8221; wrap=&#8221;yes&#8221;][vc_empty_space height=&#8221;70px&#8221;][\/vc_column][\/vc_row][vc_row][vc_column width=&#8221;1\/3&#8243;][vc_column_text]<\/p>\n<h1>MISS\u00c3O<\/h1>\n<h6>Promover de todas as formas dispon\u00edveis a propaga\u00e7\u00e3o do evangelho de Jesus Cristo em cumprimento \u00e0 sua ordem em Mateus 28.19-20.<\/h6>\n<h6><\/h6>\n<p>[\/vc_column_text][vc_empty_space height=&#8221;70px&#8221;][\/vc_column][vc_column width=&#8221;1\/3&#8243;][vc_column_text]<\/p>\n<h1>VIS\u00c3O<\/h1>\n<h6>Ser reconhecida pela comunidade crist\u00e3, parceiros e mission\u00e1rios como uma organiza\u00e7\u00e3o\u00a0 comprometida com a Palavra de Deus e com a obra mission\u00e1ria.<\/h6>\n<h6><\/h6>\n<p>[\/vc_column_text][\/vc_column][vc_column width=&#8221;1\/3&#8243;][vc_column_text]<\/p>\n<h1>VALORES<\/h1>\n<h6>&#8211; F\u00e9;<br \/>\n&#8211; \u00c9tica;<br \/>\n&#8211; Igualdade;<br \/>\n&#8211; Compromisso;<br \/>\n&#8211; Transpar\u00eancia;<br \/>\n&#8211; Solidariedade;<br \/>\n&#8211; Justi\u00e7a.<\/h6>\n<h6><\/h6>\n<p>[\/vc_column_text][\/vc_column][\/vc_row][vc_row full_width=&#8221;stretch_row&#8221; background_position_desktop=&#8221;center center&#8221; css=&#8221;.vc_custom_1678996678395{background-image: url(https:\/\/amamissoes.org.br\/site\/wp-content\/uploads\/2023\/03\/shutterstock_735267403blue.jpg?id=371) !important;}&#8221;][vc_column][vc_column_text]<\/p>\n<div class=\"styled-subtitle\" style=\"text-align: center;\">\n<p><span style=\"color: #ffffff;\">Portanto, ide, ensinai todas as na\u00e7\u00f5es, batizando-as em nome do Pai, e do Filho, e do Esp\u00edrito Santo.\u00a0 Ensinando-as a guardar todas as coisas que eu vos tenho mandado; e eis que eu estou convosco todos os dias, at\u00e9 a consuma\u00e7\u00e3o dos s\u00e9culos. Am\u00e9m.<\/span><\/div>\n<h6 style=\"text-align: right;\"><span style=\"color: #ffffff;\">Mateus 28.19-20.<\/span><\/h6>\n<p>&nbsp;<\/p>\n<h6><\/h6>\n<p>[\/vc_column_text][vc_empty_space height=&#8221;70px&#8221;][\/vc_column][\/vc_row]<\/p>\n<\/section>","protected":false},"excerpt":{"rendered":"<p>[vc_row][vc_column width=&#8221;1\/2&#8243;][vc_column_text]A Ag\u00eancia Mission\u00e1ria Atos, AMA Miss\u00f5es, \u00e9 uma institui\u00e7\u00e3o independente e interdenominacional que foi criada com o prop\u00f3sito de&#8230;<\/p>\n","protected":false},"author":1,"featured_media":0,"parent":0,"menu_order":0,"comment_status":"closed","ping_status":"closed","template":"","meta":{"footnotes":""},"class_list":["post-417","page","type-page","status-publish"],"_links":{"self":[{"href":"https:\/\/amamissoes.org.br\/site\/wp-json\/wp\/v2\/pages\/417","targetHints":{"allow":["GET"]}}],"collection":[{"href":"https:\/\/amamissoes.org.br\/site\/wp-json\/wp\/v2\/pages"}],"about":[{"href":"https:\/\/amamissoes.org.br\/site\/wp-json\/wp\/v2\/types\/page"}],"author":[{"embeddable":true,"href":"https:\/\/amamissoes.org.br\/site\/wp-json\/wp\/v2\/users\/1"}],"replies":[{"embeddable":true,"href":"https:\/\/amamissoes.org.br\/site\/wp-json\/wp\/v2\/comments?post=417"}],"version-history":[{"count":8,"href":"https:\/\/amamissoes.org.br\/site\/wp-json\/wp\/v2\/pages\/417\/revisions"}],"predecessor-version":[{"id":660,"href":"https:\/\/amamissoes.org.br\/site\/wp-json\/wp\/v2\/pages\/417\/revisions\/660"}],"wp:attachment":[{"href":"https:\/\/amamissoes.org.br\/site\/wp-json\/wp\/v2\/media?parent=417"}],"curies":[{"name":"wp","href":"https:\/\/api.w.org\/{rel}","templated":true}]}}