{"id":430,"date":"2023-03-16T17:10:30","date_gmt":"2023-03-16T20:10:30","guid":{"rendered":"https:\/\/amamissoes.org.br\/site\/?page_id=430"},"modified":"2023-05-22T10:36:48","modified_gmt":"2023-05-22T13:36:48","slug":"conselho-diretor","status":"publish","type":"page","link":"https:\/\/amamissoes.org.br\/site\/conselho-diretor\/","title":{"rendered":"CONSELHO DIRETOR"},"content":{"rendered":"<section class=\"wpb-content-wrapper\"><p>[vc_row][vc_column][vc_empty_space height=&#8221;70px&#8221;][vc_single_image image=&#8221;437&#8243; img_size=&#8221;full&#8221;][\/vc_column][\/vc_row][vc_row css=&#8221;.vc_custom_1679004576090{padding-top: 50px !important;}&#8221;][vc_column][vc_column_text]<\/p>\n<h5>CONSELHO DIRETOR<\/h5>\n<p>PRESIDENTE<br \/>\n<img decoding=\"async\" class=\"alignleft wp-image-639 size-medium\" src=\"https:\/\/amamissoes.org.br\/site\/wp-content\/uploads\/2023\/05\/cd1-300x200.jpg\" alt=\"\" width=\"300\" height=\"200\" srcset=\"https:\/\/amamissoes.org.br\/site\/wp-content\/uploads\/2023\/05\/cd1-300x200.jpg 300w, https:\/\/amamissoes.org.br\/site\/wp-content\/uploads\/2023\/05\/cd1-1024x682.jpg 1024w, https:\/\/amamissoes.org.br\/site\/wp-content\/uploads\/2023\/05\/cd1-768x512.jpg 768w, https:\/\/amamissoes.org.br\/site\/wp-content\/uploads\/2023\/05\/cd1-1536x1023.jpg 1536w, https:\/\/amamissoes.org.br\/site\/wp-content\/uploads\/2023\/05\/cd1.jpg 1600w\" sizes=\"(max-width: 300px) 100vw, 300px\" \/>Saulo Rodrigo Moreira, brasileiro, natural de Vespasiano\/MG, casado, presb\u00edtero na Assembleia de Deus Minist\u00e9rio de Vespasiano\/MG, master terapeuta e analista corporal e comportamental.<\/p>\n<p>Est\u00e1 envolvido diretamente com a obra mission\u00e1ria desde 2003. Realiza visitas ao campo mission\u00e1rio periodicamente. J\u00e1 esteve na Argentina por diversas vezes, no Peru, no Acre e no Amazonas. O irm\u00e3o Saulo tamb\u00e9m atua como professor da escola b\u00edblica dominical desde 2000, tendo sido superintendente regional na AD Vespasiano\/MG e na AD Pedro Leopoldo\/MG e professor de professores nas duas cidades.<br \/>\nEle tamb\u00e9m \u00e9 membro da WEM &#8211; World Evangelism Mission de Pirassununga\/SP (VEM Brasil), institui\u00e7\u00e3o especializada na ado\u00e7\u00e3o de mission\u00e1rios nativos.<\/p>\n<p>&nbsp;<\/p>\n<p>VICE-PRESIDENTE<br \/>\n<img decoding=\"async\" class=\"alignleft wp-image-638 size-medium\" src=\"https:\/\/amamissoes.org.br\/site\/wp-content\/uploads\/2023\/05\/cd2-300x200.jpg\" alt=\"\" width=\"300\" height=\"200\" srcset=\"https:\/\/amamissoes.org.br\/site\/wp-content\/uploads\/2023\/05\/cd2-300x200.jpg 300w, https:\/\/amamissoes.org.br\/site\/wp-content\/uploads\/2023\/05\/cd2-1024x682.jpg 1024w, https:\/\/amamissoes.org.br\/site\/wp-content\/uploads\/2023\/05\/cd2-768x512.jpg 768w, https:\/\/amamissoes.org.br\/site\/wp-content\/uploads\/2023\/05\/cd2-1536x1023.jpg 1536w, https:\/\/amamissoes.org.br\/site\/wp-content\/uploads\/2023\/05\/cd2.jpg 1600w\" sizes=\"(max-width: 300px) 100vw, 300px\" \/>Gilson Moreira, brasileiro, natural de Baldim\/MG, casado, pastor na Assembleia de Deus Minist\u00e9rio de Vespasiano\/MG, atualmente respons\u00e1vel pela congrega\u00e7\u00e3o do bairro C\u00e9lvia, cabeleireiro.<br \/>\nO irm\u00e3o Gilson j\u00e1 pastoreou dezenas de igrejas nas cidades de Vespasiano, Lagoa Santa, S\u00e3o Jos\u00e9 da Lapa, Pedro Leopoldo e Jaboticatubas, todas em Minas Gerais. Ele tem vasta experi\u00eancia em evangelismo pessoal, aconselhamento pastoral e ama ler a b\u00edblia sagrada, tendo j\u00e1 realizado a leitura completa por mais de 100 vezes. \u00c9 especialista em escatologia. Ele tamb\u00e9m \u00e9 professor da escola b\u00edblica dominical e j\u00e1 atuou como superintendente regional em Pedro Leopoldo\/MG, e como coordenador de secretarias de miss\u00f5es.<\/p>\n<p>&nbsp;<\/p>\n<p>SECRET\u00c1RIO<br \/>\n<img decoding=\"async\" class=\"alignleft wp-image-635 size-medium\" src=\"https:\/\/amamissoes.org.br\/site\/wp-content\/uploads\/2023\/05\/cd5-300x200.jpg\" alt=\"\" width=\"300\" height=\"200\" srcset=\"https:\/\/amamissoes.org.br\/site\/wp-content\/uploads\/2023\/05\/cd5-300x200.jpg 300w, https:\/\/amamissoes.org.br\/site\/wp-content\/uploads\/2023\/05\/cd5-1024x682.jpg 1024w, https:\/\/amamissoes.org.br\/site\/wp-content\/uploads\/2023\/05\/cd5-768x512.jpg 768w, https:\/\/amamissoes.org.br\/site\/wp-content\/uploads\/2023\/05\/cd5-1536x1023.jpg 1536w, https:\/\/amamissoes.org.br\/site\/wp-content\/uploads\/2023\/05\/cd5.jpg 1600w\" sizes=\"(max-width: 300px) 100vw, 300px\" \/>Carlos Henrique de Oliveira Ara\u00fajo, brasileiro, natural de Vespasiano\/MG, solteiro, mec\u00e2nico industrial e advogado. \u00c9 membro da Assembleia de Deus Minist\u00e9rio de Vespasiano\/MG, \u00e9 m\u00fasico, professor da escola b\u00edblica dominical para pr\u00e9-adolescentes. O irm\u00e3o Carlos sempre esteve envolvido na organiza\u00e7\u00e3o e realiza\u00e7\u00e3o de viagens mission\u00e1rias regionais e j\u00e1 visitou o projeto na Argentina em uma ocasi\u00e3o.<\/p>\n<p>&nbsp;<\/p>\n<p>&nbsp;<\/p>\n<p>&nbsp;<\/p>\n<p>&nbsp;<\/p>\n<p>2\u00ba SECRET\u00c1RIO<br \/>\n<img decoding=\"async\" class=\"alignleft wp-image-636 size-medium\" src=\"https:\/\/amamissoes.org.br\/site\/wp-content\/uploads\/2023\/05\/cd4-300x200.jpg\" alt=\"\" width=\"300\" height=\"200\" srcset=\"https:\/\/amamissoes.org.br\/site\/wp-content\/uploads\/2023\/05\/cd4-300x200.jpg 300w, https:\/\/amamissoes.org.br\/site\/wp-content\/uploads\/2023\/05\/cd4-1024x682.jpg 1024w, https:\/\/amamissoes.org.br\/site\/wp-content\/uploads\/2023\/05\/cd4-768x512.jpg 768w, https:\/\/amamissoes.org.br\/site\/wp-content\/uploads\/2023\/05\/cd4-1536x1023.jpg 1536w, https:\/\/amamissoes.org.br\/site\/wp-content\/uploads\/2023\/05\/cd4.jpg 1600w\" sizes=\"(max-width: 300px) 100vw, 300px\" \/>Leandro da Silva Costa, brasileiro, natural de Concei\u00e7\u00e3o do Mato Dentro\/MG, casado, representante comercial. \u00c9 membro da Assembleia de Deus Minist\u00e9rio de Vespasiano\/MG e cooperador das atividades da igreja local. O irm\u00e3o Leandro tamb\u00e9m \u00e9 l\u00edder de jovens em sua congrega\u00e7\u00e3o, adolescentes e novos convertidos e ainda dirigente de miss\u00f5es.<\/p>\n<p>&nbsp;<\/p>\n<p>&nbsp;<\/p>\n<p>&nbsp;<\/p>\n<p>&nbsp;<\/p>\n<p>TESOUREIRO<br \/>\n<img decoding=\"async\" class=\"alignleft wp-image-637 size-medium\" src=\"https:\/\/amamissoes.org.br\/site\/wp-content\/uploads\/2023\/05\/cd3-300x200.jpg\" alt=\"\" width=\"300\" height=\"200\" srcset=\"https:\/\/amamissoes.org.br\/site\/wp-content\/uploads\/2023\/05\/cd3-300x200.jpg 300w, https:\/\/amamissoes.org.br\/site\/wp-content\/uploads\/2023\/05\/cd3-1024x682.jpg 1024w, https:\/\/amamissoes.org.br\/site\/wp-content\/uploads\/2023\/05\/cd3-768x512.jpg 768w, https:\/\/amamissoes.org.br\/site\/wp-content\/uploads\/2023\/05\/cd3-1536x1023.jpg 1536w, https:\/\/amamissoes.org.br\/site\/wp-content\/uploads\/2023\/05\/cd3.jpg 1600w\" sizes=\"(max-width: 300px) 100vw, 300px\" \/>Ronald Alexander Morais Pereira, brasileiro, natural de Belo Horizonte\/MG, casado, engenheiro eletricista e supervisor de processos na ind\u00fastria. \u00c9 membro da Assembleia de Deus Minist\u00e9rio de Vespasiano\/MG e atualmente faz parte da congrega\u00e7\u00e3o do bairro imperial onde atua como m\u00fasico e professor da escola b\u00edblica dominical.<br \/>\nO irm\u00e3o Ronald sempre esteve envolvido nas atividades da igreja e tamb\u00e9m se empenha na realiza\u00e7\u00e3o de viagens mission\u00e1rias.[\/vc_column_text][\/vc_column][\/vc_row][vc_row][vc_column width=&#8221;1\/2&#8243;][vc_column_text]<\/p>\n<h1>TRANSPAR\u00caNCIA<\/h1>\n<p>[\/vc_column_text][vc_single_image image=&#8221;439&#8243; img_size=&#8221;full&#8221;][vc_empty_space height=&#8221;70px&#8221;][\/vc_column][vc_column width=&#8221;1\/2&#8243;][vc_single_image image=&#8221;438&#8243; img_size=&#8221;full&#8221; css=&#8221;.vc_custom_1678999355292{border-top-width: 70px !important;}&#8221;][vc_column_text]Reuni\u00e3o do Conselho Fiscal.[\/vc_column_text][\/vc_column][\/vc_row][vc_row full_width=&#8221;stretch_row&#8221; background_position_desktop=&#8221;center center&#8221; css=&#8221;.vc_custom_1678996678395{background-image: url(https:\/\/amamissoes.org.br\/site\/wp-content\/uploads\/2023\/03\/shutterstock_735267403blue.jpg?id=371) !important;}&#8221;][vc_column][vc_column_text]<\/p>\n<div class=\"styled-subtitle\" style=\"text-align: center;\">\n<p><span style=\"color: #ffffff;\">Portanto, ide, ensinai todas as na\u00e7\u00f5es, batizando-as em nome do Pai, e do Filho, e do Esp\u00edrito Santo.\u00a0 Ensinando-as a guardar todas as coisas que eu vos tenho mandado; e eis que eu estou convosco todos os dias, at\u00e9 a consuma\u00e7\u00e3o dos s\u00e9culos. Am\u00e9m.<\/span><\/p>\n<\/div>\n<h6 style=\"text-align: right;\"><span style=\"color: #ffffff;\">Mateus 28.19-20.<\/span><\/h6>\n<p>&nbsp;<\/p>\n<h6><\/h6>\n<p>[\/vc_column_text][vc_empty_space height=&#8221;70px&#8221;][\/vc_column][\/vc_row]<\/p>\n<\/section>","protected":false},"excerpt":{"rendered":"<p>[vc_row][vc_column][vc_empty_space height=&#8221;70px&#8221;][vc_single_image image=&#8221;437&#8243; img_size=&#8221;full&#8221;][\/vc_column][\/vc_row][vc_row css=&#8221;.vc_custom_1679004576090{padding-top: 50px !important;}&#8221;][vc_column][vc_column_text] CONSELHO DIRETOR PRESIDENTE Saulo Rodrigo Moreira, brasileiro, natural de Vespasiano\/MG, casado, presb\u00edtero na&#8230;<\/p>\n","protected":false},"author":1,"featured_media":0,"parent":0,"menu_order":0,"comment_status":"closed","ping_status":"closed","template":"","meta":{"footnotes":""},"class_list":["post-430","page","type-page","status-publish"],"_links":{"self":[{"href":"https:\/\/amamissoes.org.br\/site\/wp-json\/wp\/v2\/pages\/430","targetHints":{"allow":["GET"]}}],"collection":[{"href":"https:\/\/amamissoes.org.br\/site\/wp-json\/wp\/v2\/pages"}],"about":[{"href":"https:\/\/amamissoes.org.br\/site\/wp-json\/wp\/v2\/types\/page"}],"author":[{"embeddable":true,"href":"https:\/\/amamissoes.org.br\/site\/wp-json\/wp\/v2\/users\/1"}],"replies":[{"embeddable":true,"href":"https:\/\/amamissoes.org.br\/site\/wp-json\/wp\/v2\/comments?post=430"}],"version-history":[{"count":10,"href":"https:\/\/amamissoes.org.br\/site\/wp-json\/wp\/v2\/pages\/430\/revisions"}],"predecessor-version":[{"id":643,"href":"https:\/\/amamissoes.org.br\/site\/wp-json\/wp\/v2\/pages\/430\/revisions\/643"}],"wp:attachment":[{"href":"https:\/\/amamissoes.org.br\/site\/wp-json\/wp\/v2\/media?parent=430"}],"curies":[{"name":"wp","href":"https:\/\/api.w.org\/{rel}","templated":true}]}}