{"id":448,"date":"2023-03-16T18:23:19","date_gmt":"2023-03-16T21:23:19","guid":{"rendered":"https:\/\/amamissoes.org.br\/site\/?page_id=448"},"modified":"2023-04-12T16:45:30","modified_gmt":"2023-04-12T19:45:30","slug":"confins-da-terra","status":"publish","type":"page","link":"https:\/\/amamissoes.org.br\/site\/confins-da-terra\/","title":{"rendered":"CONFINS DA TERRA"},"content":{"rendered":"<section class=\"wpb-content-wrapper\"><p>[vc_row][vc_column width=&#8221;1\/2&#8243;][vc_column_text]<\/p>\n<h4>Confins da Terra (outras na\u00e7\u00f5es) \/ Transcultural<\/h4>\n<h6>&#8211; Envio e sustento de mission\u00e1rios;<br \/>\n&#8211; Supervis\u00e3o de campo e de base;<br \/>\n&#8211; Relat\u00f3rios regulares e reais;<br \/>\n&#8211; Treinamento.<\/h6>\n<p><strong>Atividades com mulheres:<\/strong><br \/>\n&#8211; Sob a coordena\u00e7\u00e3o da Pra Maria Eug\u00eania, esposa do Pr Gean, vem sendo realizadas atividades espec\u00edficas para mulheres.<\/p>\n<h6><\/h6>\n<p>[\/vc_column_text][vc_empty_space height=&#8221;70px&#8221;][\/vc_column][vc_column width=&#8221;1\/2&#8243;][vc_single_image image=&#8221;459&#8243; img_size=&#8221;full&#8221;][\/vc_column][\/vc_row][vc_row][vc_column][vc_column_text]<\/p>\n<h4>GALERIA DE IMAGENS<\/h4>\n<p>[\/vc_column_text][vc_empty_space height=&#8221;70px&#8221;]<div class=\"preloader\"><div class=\"preloader-spin\"><\/div><\/div> <div class=\"gem-gallery gem-gallery-hover-default\"> <div class=\"gem-gallery-item\"> <div class=\"gem-gallery-item-image\"> <a href=\"https:\/\/amamissoes.org.br\/site\/wp-content\/uploads\/2023\/04\/WhatsApp-Image-2023-04-12-at-12.23.26-1-thegem-gallery-fullwidth.jpeg\" data-fancybox-group=\"gallery-69dfed51d1c13\" data-full-image-url=\"https:\/\/amamissoes.org.br\/site\/wp-content\/uploads\/2023\/04\/WhatsApp-Image-2023-04-12-at-12.23.26-1.jpeg\"> <svg width=\"20\" height=\"10\"><path d=\"M 0,10 Q 9,9 10,0 Q 11,9 20,10\" \/><\/svg> <img decoding=\"async\" src=\"https:\/\/amamissoes.org.br\/site\/wp-content\/uploads\/2023\/04\/WhatsApp-Image-2023-04-12-at-12.23.26-1-thegem-post-thumb-small.jpeg\" alt=\"\" class=\"img-responsive\"> <span class=\"gem-gallery-caption slide-info\"> <\/span> <\/a> <span class=\"gem-gallery-line\"><\/span> <\/div> <\/div> <div class=\"gem-gallery-item\"> <div class=\"gem-gallery-item-image\"> <a href=\"https:\/\/amamissoes.org.br\/site\/wp-content\/uploads\/2023\/04\/WhatsApp-Image-2023-04-12-at-12.23.26-2-1-thegem-gallery-fullwidth.jpeg\" data-fancybox-group=\"gallery-69dfed51d1c13\" data-full-image-url=\"https:\/\/amamissoes.org.br\/site\/wp-content\/uploads\/2023\/04\/WhatsApp-Image-2023-04-12-at-12.23.26-2-1.jpeg\"> <svg width=\"20\" height=\"10\"><path d=\"M 0,10 Q 9,9 10,0 Q 11,9 20,10\" \/><\/svg> <img decoding=\"async\" src=\"https:\/\/amamissoes.org.br\/site\/wp-content\/uploads\/2023\/04\/WhatsApp-Image-2023-04-12-at-12.23.26-2-1-thegem-post-thumb-small.jpeg\" alt=\"\" class=\"img-responsive\"> <span class=\"gem-gallery-caption slide-info\"> <\/span> <\/a> <span class=\"gem-gallery-line\"><\/span> <\/div> <\/div> <div class=\"gem-gallery-item\"> <div class=\"gem-gallery-item-image\"> <a href=\"https:\/\/amamissoes.org.br\/site\/wp-content\/uploads\/2023\/04\/WhatsApp-Image-2023-04-12-at-12.23.26-3-thegem-gallery-fullwidth.jpeg\" data-fancybox-group=\"gallery-69dfed51d1c13\" data-full-image-url=\"https:\/\/amamissoes.org.br\/site\/wp-content\/uploads\/2023\/04\/WhatsApp-Image-2023-04-12-at-12.23.26-3.jpeg\"> <svg width=\"20\" height=\"10\"><path d=\"M 0,10 Q 9,9 10,0 Q 11,9 20,10\" \/><\/svg> <img decoding=\"async\" src=\"https:\/\/amamissoes.org.br\/site\/wp-content\/uploads\/2023\/04\/WhatsApp-Image-2023-04-12-at-12.23.26-3-thegem-post-thumb-small.jpeg\" alt=\"\" class=\"img-responsive\"> <span class=\"gem-gallery-caption slide-info\"> <\/span> <\/a> <span class=\"gem-gallery-line\"><\/span> <\/div> <\/div> <div class=\"gem-gallery-item\"> <div class=\"gem-gallery-item-image\"> <a href=\"https:\/\/amamissoes.org.br\/site\/wp-content\/uploads\/2023\/04\/WhatsApp-Image-2023-04-12-at-12.23.27-1-thegem-gallery-fullwidth.jpeg\" data-fancybox-group=\"gallery-69dfed51d1c13\" data-full-image-url=\"https:\/\/amamissoes.org.br\/site\/wp-content\/uploads\/2023\/04\/WhatsApp-Image-2023-04-12-at-12.23.27-1.jpeg\"> <svg width=\"20\" height=\"10\"><path d=\"M 0,10 Q 9,9 10,0 Q 11,9 20,10\" \/><\/svg> <img decoding=\"async\" src=\"https:\/\/amamissoes.org.br\/site\/wp-content\/uploads\/2023\/04\/WhatsApp-Image-2023-04-12-at-12.23.27-1-thegem-post-thumb-small.jpeg\" alt=\"\" class=\"img-responsive\"> <span class=\"gem-gallery-caption slide-info\"> <\/span> <\/a> <span class=\"gem-gallery-line\"><\/span> <\/div> <\/div> <div class=\"gem-gallery-item\"> <div class=\"gem-gallery-item-image\"> <a href=\"https:\/\/amamissoes.org.br\/site\/wp-content\/uploads\/2023\/04\/WhatsApp-Image-2023-04-12-at-12.23.27-2-thegem-gallery-fullwidth.jpeg\" data-fancybox-group=\"gallery-69dfed51d1c13\" data-full-image-url=\"https:\/\/amamissoes.org.br\/site\/wp-content\/uploads\/2023\/04\/WhatsApp-Image-2023-04-12-at-12.23.27-2.jpeg\"> <svg width=\"20\" height=\"10\"><path d=\"M 0,10 Q 9,9 10,0 Q 11,9 20,10\" \/><\/svg> <img decoding=\"async\" src=\"https:\/\/amamissoes.org.br\/site\/wp-content\/uploads\/2023\/04\/WhatsApp-Image-2023-04-12-at-12.23.27-2-thegem-post-thumb-small.jpeg\" alt=\"\" class=\"img-responsive\"> <span class=\"gem-gallery-caption slide-info\"> <\/span> <\/a> <span class=\"gem-gallery-line\"><\/span> <\/div> <\/div> <div class=\"gem-gallery-item\"> <div class=\"gem-gallery-item-image\"> <a href=\"https:\/\/amamissoes.org.br\/site\/wp-content\/uploads\/2023\/04\/WhatsApp-Image-2023-04-12-at-12.23.27-3-1-thegem-gallery-fullwidth.jpeg\" data-fancybox-group=\"gallery-69dfed51d1c13\" data-full-image-url=\"https:\/\/amamissoes.org.br\/site\/wp-content\/uploads\/2023\/04\/WhatsApp-Image-2023-04-12-at-12.23.27-3-1.jpeg\"> <svg width=\"20\" height=\"10\"><path d=\"M 0,10 Q 9,9 10,0 Q 11,9 20,10\" \/><\/svg> <img decoding=\"async\" src=\"https:\/\/amamissoes.org.br\/site\/wp-content\/uploads\/2023\/04\/WhatsApp-Image-2023-04-12-at-12.23.27-3-1-thegem-post-thumb-small.jpeg\" alt=\"\" class=\"img-responsive\"> <span class=\"gem-gallery-caption slide-info\"> <\/span> <\/a> <span class=\"gem-gallery-line\"><\/span> <\/div> <\/div> <div class=\"gem-gallery-item\"> <div class=\"gem-gallery-item-image\"> <a href=\"https:\/\/amamissoes.org.br\/site\/wp-content\/uploads\/2023\/04\/WhatsApp-Image-2023-04-12-at-12.23.27-thegem-gallery-fullwidth.jpeg\" data-fancybox-group=\"gallery-69dfed51d1c13\" data-full-image-url=\"https:\/\/amamissoes.org.br\/site\/wp-content\/uploads\/2023\/04\/WhatsApp-Image-2023-04-12-at-12.23.27.jpeg\"> <svg width=\"20\" height=\"10\"><path d=\"M 0,10 Q 9,9 10,0 Q 11,9 20,10\" \/><\/svg> <img decoding=\"async\" src=\"https:\/\/amamissoes.org.br\/site\/wp-content\/uploads\/2023\/04\/WhatsApp-Image-2023-04-12-at-12.23.27-thegem-post-thumb-small.jpeg\" alt=\"\" class=\"img-responsive\"> <span class=\"gem-gallery-caption slide-info\"> <\/span> <\/a> <span class=\"gem-gallery-line\"><\/span> <\/div> <\/div> <div class=\"gem-gallery-item\"> <div class=\"gem-gallery-item-image\"> <a href=\"https:\/\/amamissoes.org.br\/site\/wp-content\/uploads\/2023\/04\/WhatsApp-Image-2023-04-12-at-12.23.28-1-thegem-gallery-fullwidth.jpeg\" data-fancybox-group=\"gallery-69dfed51d1c13\" data-full-image-url=\"https:\/\/amamissoes.org.br\/site\/wp-content\/uploads\/2023\/04\/WhatsApp-Image-2023-04-12-at-12.23.28-1.jpeg\"> <svg width=\"20\" height=\"10\"><path d=\"M 0,10 Q 9,9 10,0 Q 11,9 20,10\" \/><\/svg> <img decoding=\"async\" src=\"https:\/\/amamissoes.org.br\/site\/wp-content\/uploads\/2023\/04\/WhatsApp-Image-2023-04-12-at-12.23.28-1-thegem-post-thumb-small.jpeg\" alt=\"\" class=\"img-responsive\"> <span class=\"gem-gallery-caption slide-info\"> <\/span> <\/a> <span class=\"gem-gallery-line\"><\/span> <\/div> <\/div> <div class=\"gem-gallery-item\"> <div class=\"gem-gallery-item-image\"> <a href=\"https:\/\/amamissoes.org.br\/site\/wp-content\/uploads\/2023\/04\/WhatsApp-Image-2023-04-12-at-12.23.28-2-thegem-gallery-fullwidth.jpeg\" data-fancybox-group=\"gallery-69dfed51d1c13\" data-full-image-url=\"https:\/\/amamissoes.org.br\/site\/wp-content\/uploads\/2023\/04\/WhatsApp-Image-2023-04-12-at-12.23.28-2.jpeg\"> <svg width=\"20\" height=\"10\"><path d=\"M 0,10 Q 9,9 10,0 Q 11,9 20,10\" \/><\/svg> <img decoding=\"async\" src=\"https:\/\/amamissoes.org.br\/site\/wp-content\/uploads\/2023\/04\/WhatsApp-Image-2023-04-12-at-12.23.28-2-thegem-post-thumb-small.jpeg\" alt=\"\" class=\"img-responsive\"> <span class=\"gem-gallery-caption slide-info\"> <\/span> <\/a> <span class=\"gem-gallery-line\"><\/span> <\/div> <\/div> <div class=\"gem-gallery-item\"> <div class=\"gem-gallery-item-image\"> <a href=\"https:\/\/amamissoes.org.br\/site\/wp-content\/uploads\/2023\/04\/WhatsApp-Image-2023-04-12-at-12.23.28-thegem-gallery-fullwidth.jpeg\" data-fancybox-group=\"gallery-69dfed51d1c13\" data-full-image-url=\"https:\/\/amamissoes.org.br\/site\/wp-content\/uploads\/2023\/04\/WhatsApp-Image-2023-04-12-at-12.23.28.jpeg\"> <svg width=\"20\" height=\"10\"><path d=\"M 0,10 Q 9,9 10,0 Q 11,9 20,10\" \/><\/svg> <img decoding=\"async\" src=\"https:\/\/amamissoes.org.br\/site\/wp-content\/uploads\/2023\/04\/WhatsApp-Image-2023-04-12-at-12.23.28-thegem-post-thumb-small.jpeg\" alt=\"\" class=\"img-responsive\"> <span class=\"gem-gallery-caption slide-info\"> <\/span> <\/a> <span class=\"gem-gallery-line\"><\/span> <\/div> <\/div> <div class=\"gem-gallery-item\"> <div class=\"gem-gallery-item-image\"> <a href=\"https:\/\/amamissoes.org.br\/site\/wp-content\/uploads\/2023\/04\/WhatsApp-Image-2023-04-12-at-12.23.29-1-thegem-gallery-fullwidth.jpeg\" data-fancybox-group=\"gallery-69dfed51d1c13\" data-full-image-url=\"https:\/\/amamissoes.org.br\/site\/wp-content\/uploads\/2023\/04\/WhatsApp-Image-2023-04-12-at-12.23.29-1.jpeg\"> <svg width=\"20\" height=\"10\"><path d=\"M 0,10 Q 9,9 10,0 Q 11,9 20,10\" \/><\/svg> <img decoding=\"async\" src=\"https:\/\/amamissoes.org.br\/site\/wp-content\/uploads\/2023\/04\/WhatsApp-Image-2023-04-12-at-12.23.29-1-thegem-post-thumb-small.jpeg\" alt=\"\" class=\"img-responsive\"> <span class=\"gem-gallery-caption slide-info\"> <\/span> <\/a> <span class=\"gem-gallery-line\"><\/span> <\/div> <\/div> <div class=\"gem-gallery-item\"> <div class=\"gem-gallery-item-image\"> <a href=\"https:\/\/amamissoes.org.br\/site\/wp-content\/uploads\/2023\/04\/WhatsApp-Image-2023-04-12-at-12.23.29-2-thegem-gallery-fullwidth.jpeg\" data-fancybox-group=\"gallery-69dfed51d1c13\" data-full-image-url=\"https:\/\/amamissoes.org.br\/site\/wp-content\/uploads\/2023\/04\/WhatsApp-Image-2023-04-12-at-12.23.29-2.jpeg\"> <svg width=\"20\" height=\"10\"><path d=\"M 0,10 Q 9,9 10,0 Q 11,9 20,10\" \/><\/svg> <img decoding=\"async\" src=\"https:\/\/amamissoes.org.br\/site\/wp-content\/uploads\/2023\/04\/WhatsApp-Image-2023-04-12-at-12.23.29-2-thegem-post-thumb-small.jpeg\" alt=\"\" class=\"img-responsive\"> <span class=\"gem-gallery-caption slide-info\"> <\/span> <\/a> <span class=\"gem-gallery-line\"><\/span> <\/div> <\/div> <div class=\"gem-gallery-item\"> <div class=\"gem-gallery-item-image\"> <a href=\"https:\/\/amamissoes.org.br\/site\/wp-content\/uploads\/2023\/04\/WhatsApp-Image-2023-04-12-at-12.23.29-thegem-gallery-fullwidth.jpeg\" data-fancybox-group=\"gallery-69dfed51d1c13\" data-full-image-url=\"https:\/\/amamissoes.org.br\/site\/wp-content\/uploads\/2023\/04\/WhatsApp-Image-2023-04-12-at-12.23.29.jpeg\"> <svg width=\"20\" height=\"10\"><path d=\"M 0,10 Q 9,9 10,0 Q 11,9 20,10\" \/><\/svg> <img decoding=\"async\" src=\"https:\/\/amamissoes.org.br\/site\/wp-content\/uploads\/2023\/04\/WhatsApp-Image-2023-04-12-at-12.23.29-thegem-post-thumb-small.jpeg\" alt=\"\" class=\"img-responsive\"> <span class=\"gem-gallery-caption slide-info\"> <\/span> <\/a> <span class=\"gem-gallery-line\"><\/span> <\/div> <\/div> <\/div>[\/vc_column][\/vc_row][vc_row full_width=&#8221;stretch_row&#8221; background_position_desktop=&#8221;center center&#8221; css=&#8221;.vc_custom_1678996678395{background-image: url(https:\/\/amamissoes.org.br\/site\/wp-content\/uploads\/2023\/03\/shutterstock_735267403blue.jpg?id=371) !important;}&#8221;][vc_column][vc_column_text]<\/p>\n<div class=\"styled-subtitle\" style=\"text-align: center;\">\n<p><span style=\"color: #ffffff;\">Portanto, ide, ensinai todas as na\u00e7\u00f5es, batizando-as em nome do Pai, e do Filho, e do Esp\u00edrito Santo.\u00a0 Ensinando-as a guardar todas as coisas que eu vos tenho mandado; e eis que eu estou convosco todos os dias, at\u00e9 a consuma\u00e7\u00e3o dos s\u00e9culos. Am\u00e9m.<\/span><\/p>\n<\/div>\n<h6 style=\"text-align: right;\"><span style=\"color: #ffffff;\">Mateus 28.19-20.<\/span><\/h6>\n<p>&nbsp;<\/p>\n<h6><\/h6>\n<p>[\/vc_column_text][vc_empty_space height=&#8221;70px&#8221;][\/vc_column][\/vc_row]<\/p>\n<\/section>","protected":false},"excerpt":{"rendered":"<p>[vc_row][vc_column width=&#8221;1\/2&#8243;][vc_column_text] Confins da Terra (outras na\u00e7\u00f5es) \/ Transcultural &#8211; Envio e sustento de mission\u00e1rios; &#8211; Supervis\u00e3o de campo e&#8230;<\/p>\n","protected":false},"author":1,"featured_media":0,"parent":0,"menu_order":0,"comment_status":"closed","ping_status":"closed","template":"","meta":{"footnotes":""},"class_list":["post-448","page","type-page","status-publish"],"_links":{"self":[{"href":"https:\/\/amamissoes.org.br\/site\/wp-json\/wp\/v2\/pages\/448","targetHints":{"allow":["GET"]}}],"collection":[{"href":"https:\/\/amamissoes.org.br\/site\/wp-json\/wp\/v2\/pages"}],"about":[{"href":"https:\/\/amamissoes.org.br\/site\/wp-json\/wp\/v2\/types\/page"}],"author":[{"embeddable":true,"href":"https:\/\/amamissoes.org.br\/site\/wp-json\/wp\/v2\/users\/1"}],"replies":[{"embeddable":true,"href":"https:\/\/amamissoes.org.br\/site\/wp-json\/wp\/v2\/comments?post=448"}],"version-history":[{"count":5,"href":"https:\/\/amamissoes.org.br\/site\/wp-json\/wp\/v2\/pages\/448\/revisions"}],"predecessor-version":[{"id":591,"href":"https:\/\/amamissoes.org.br\/site\/wp-json\/wp\/v2\/pages\/448\/revisions\/591"}],"wp:attachment":[{"href":"https:\/\/amamissoes.org.br\/site\/wp-json\/wp\/v2\/media?parent=448"}],"curies":[{"name":"wp","href":"https:\/\/api.w.org\/{rel}","templated":true}]}}